{"id":1409,"date":"2025-01-17T10:41:53","date_gmt":"2025-01-17T15:41:53","guid":{"rendered":"https:\/\/www.fondationculturellebrebeuf.org\/?post_type=tribe_events&#038;p=1409"},"modified":"2025-01-17T10:41:53","modified_gmt":"2025-01-17T15:41:53","slug":"les-bains-publics-a-montreal-lancien-bain-genereux-devenu-lecomusee-du-fier-monde-jean-claude-dufresne","status":"publish","type":"tribe_events","link":"https:\/\/www.fondationculturellebrebeuf.org\/index.php\/event\/les-bains-publics-a-montreal-lancien-bain-genereux-devenu-lecomusee-du-fier-monde-jean-claude-dufresne\/","title":{"rendered":"LES BAINS PUBLICS \u00c0 MONTR\u00c9AL : l\u2019ancien Bain G\u00e9n\u00e9reux devenu l\u2019\u00c9comus\u00e9e du fier monde &#8211; Jean-Claude Dufresne"},"content":{"rendered":"<p style=\"font-weight: 400;\">Cette conf\u00e9rence portera sur les raisons qui expliquent la construction de bains publics \u00e0 Montr\u00e9al, leur emplacement dans la ville, leurs caract\u00e9ristiques architecturales et stylistiques et les conditions de vie de la population ouvri\u00e8re \u00e0 l\u2019aube du XXe si\u00e8cle.<\/p>\n<p style=\"font-weight: 400;\"><em>UN B\u00c2TIMENT C\u2019EST TOUTE UNE HISTOIRE<\/em><\/p>\n<p style=\"font-weight: 400;\"><img loading=\"lazy\" decoding=\"async\" class=\"size-medium wp-image-1391 alignleft\" src=\"https:\/\/www.fondationculturellebrebeuf.org\/wp-content\/uploads\/2024\/12\/Ecomusee-du-fier-monde-300x230.jpg\" alt=\"\" width=\"300\" height=\"230\" \/>Le Bain G\u00e9n\u00e9reux, situ\u00e9 sur la rue Atateken (anciennement Amherst) dans le Centre-Sud de Montr\u00e9al, a \u00e9t\u00e9 con\u00e7u par Jean-Omer Marchand, premier Canadien \u00e0 \u00e9tudier \u00e0 la prestigieuse facult\u00e9 d\u2019architecture de l\u2019\u00c9cole des Beaux-Arts de Paris et architecte montr\u00e9alais prolifique. Il est un bel exemple des exp\u00e9rimentations architecturales de l\u2019entre-deux-guerres tant au niveau technique qu\u2019artistique. Il a \u00e9t\u00e9 construit en 1926 dans un contexte d\u2019industrialisation et d\u2019immigration effr\u00e9n\u00e9es. Les pi\u00e8tres conditions de vie dans les quartiers ouvriers qui se d\u00e9veloppent alors am\u00e8nent les autorit\u00e9s municipales \u00e0 construire une vingtaine de bains publics dans les premi\u00e8res d\u00e9cennies du XXe si\u00e8cle pour pallier les mauvaises conditions d\u2019hygi\u00e8ne qui \u00e9taient courantes \u00e0 l\u2019\u00e9poque. Une dizaine de ces b\u00e2timents sont toujours existants. Le Bain G\u00e9n\u00e9reux est le quatri\u00e8me bain public construit dans ce contexte et il a connu un grand succ\u00e8s aupr\u00e8s de la population du quartier.<\/p>\n<p style=\"font-weight: 400;\">Ferm\u00e9 pour cause de d\u00e9su\u00e9tude en 1992, il est r\u00e9nov\u00e9 en 1996 pour abriter l\u2019\u00c9comus\u00e9e du fier monde, un mus\u00e9e d\u2019histoire industrielle et ouvri\u00e8re de Montr\u00e9al. Un \u00e9comus\u00e9e a comme objectif de renforcer le lien entre l\u2019institution mus\u00e9ale, son milieu social et son environnement et en ce sens il favorise la participation citoyenne \u00e0 ses activit\u00e9s, est ancr\u00e9 dans son milieu et contribue \u00e0 son d\u00e9veloppement.<\/p>\n<p style=\"font-weight: 400;\">N.B. La conf\u00e9rence sera suivie de deux visites guid\u00e9es de l\u2019\u00c9comus\u00e9e du fier monde qui auront lieu les 7 et 14 mai.<\/p>\n<p>Conf\u00e9rencier : <strong>Jean-Claude Dufresne<\/strong>, professeur retrait\u00e9 de Br\u00e9beuf, dipl\u00f4m\u00e9 en architecture<\/p>\n<p><strong>Co\u00fbt, sans abonnement : 10 $<\/strong><\/p>\n","protected":false},"excerpt":{"rendered":"<p>Cette conf\u00e9rence portera sur les raisons qui expliquent la construction de bains publics \u00e0 Montr\u00e9al, leur emplacement dans la ville, leurs caract\u00e9ristiques architecturales et stylistiques et les conditions de vie [&hellip;]<\/p>\n","protected":false},"author":5,"featured_media":0,"template":"","meta":{"_et_pb_use_builder":"","_et_pb_old_content":"","_et_gb_content_width":"","_price":"","_stock":"","_tribe_ticket_header":"","_tribe_default_ticket_provider":"","_ticket_start_date":"","_ticket_end_date":"","_tribe_ticket_show_description":"","_tribe_ticket_show_not_going":false,"_tribe_ticket_use_global_stock":"","_tribe_ticket_global_stock_level":"","_global_stock_mode":"","_global_stock_cap":"","_tribe_rsvp_for_event":"","_tribe_ticket_going_count":"","_tribe_ticket_not_going_count":"","_tribe_tickets_list":"[]","_tribe_ticket_has_attendee_info_fields":false,"_tribe_events_status":"","_tribe_events_status_reason":"","footnotes":"","_tec_slr_enabled":"","_tec_slr_layout":""},"tags":[],"tribe_events_cat":[9],"class_list":["post-1409","tribe_events","type-tribe_events","status-publish","hentry","tribe_events_cat-conference","cat_conference"],"ticketed":false,"_links":{"self":[{"href":"https:\/\/www.fondationculturellebrebeuf.org\/index.php\/wp-json\/wp\/v2\/tribe_events\/1409","targetHints":{"allow":["GET"]}}],"collection":[{"href":"https:\/\/www.fondationculturellebrebeuf.org\/index.php\/wp-json\/wp\/v2\/tribe_events"}],"about":[{"href":"https:\/\/www.fondationculturellebrebeuf.org\/index.php\/wp-json\/wp\/v2\/types\/tribe_events"}],"author":[{"embeddable":true,"href":"https:\/\/www.fondationculturellebrebeuf.org\/index.php\/wp-json\/wp\/v2\/users\/5"}],"version-history":[{"count":7,"href":"https:\/\/www.fondationculturellebrebeuf.org\/index.php\/wp-json\/wp\/v2\/tribe_events\/1409\/revisions"}],"predecessor-version":[{"id":1505,"href":"https:\/\/www.fondationculturellebrebeuf.org\/index.php\/wp-json\/wp\/v2\/tribe_events\/1409\/revisions\/1505"}],"wp:attachment":[{"href":"https:\/\/www.fondationculturellebrebeuf.org\/index.php\/wp-json\/wp\/v2\/media?parent=1409"}],"wp:term":[{"taxonomy":"post_tag","embeddable":true,"href":"https:\/\/www.fondationculturellebrebeuf.org\/index.php\/wp-json\/wp\/v2\/tags?post=1409"},{"taxonomy":"tribe_events_cat","embeddable":true,"href":"https:\/\/www.fondationculturellebrebeuf.org\/index.php\/wp-json\/wp\/v2\/tribe_events_cat?post=1409"}],"curies":[{"name":"wp","href":"https:\/\/api.w.org\/{rel}","templated":true}]}}

LES BAINS PUBLICS À MONTRÉAL : l’ancien Bain Généreux devenu l’Écomusée du fier monde &#8211; Jean-Claude Dufresne

<p style="font-weight: 400;">Cette conférence portera sur les raisons qui expliquent la construction de bains publics à Montréal, leur emplacement dans la ville, leurs caractéristiques architecturales et stylistiques et les conditions de vie de la population ouvrière à l’aube du XXe siècle.</p>
<p style="font-weight: 400;"><em>UN BÂTIMENT C’EST TOUTE UNE HISTOIRE</em></p>
<p style="font-weight: 400;"><img loading="lazy" decoding="async" class="size-medium wp-image-1391 alignleft" src="https://www.fondationculturellebrebeuf.org/wp-content/uploads/2024/12/Ecomusee-du-fier-monde-300x230.jpg" alt="" width="300" height="230" />Le Bain Généreux, situé sur la rue Atateken (anciennement Amherst) dans le Centre-Sud de Montréal, a été conçu par Jean-Omer Marchand, premier Canadien à étudier à la prestigieuse faculté d’architecture de l’École des Beaux-Arts de Paris et architecte montréalais prolifique. Il est un bel exemple des expérimentations architecturales de l’entre-deux-guerres tant au niveau technique qu’artistique. Il a été construit en 1926 dans un contexte d’industrialisation et d’immigration effrénées. Les piètres conditions de vie dans les quartiers ouvriers qui se développent alors amènent les autorités municipales à construire une vingtaine de bains publics dans les premières décennies du XXe siècle pour pallier les mauvaises conditions d’hygiène qui étaient courantes à l’époque. Une dizaine de ces bâtiments sont toujours existants. Le Bain Généreux est le quatrième bain public construit dans ce contexte et il a connu un grand succès auprès de la population du quartier.</p>
<p style="font-weight: 400;">Fermé pour cause de désuétude en 1992, il est rénové en 1996 pour abriter l’Écomusée du fier monde, un musée d’histoire industrielle et ouvrière de Montréal. Un écomusée a comme objectif de renforcer le lien entre l’institution muséale, son milieu social et son environnement et en ce sens il favorise la participation citoyenne à ses activités, est ancré dans son milieu et contribue à son développement.</p>
<p style="font-weight: 400;">N.B. La conférence sera suivie de deux visites guidées de l’Écomusée du fier monde qui auront lieu les 7 et 14 mai.</p>
<p>Conférencier : <strong>Jean-Claude Dufresne</strong>, professeur retraité de Brébeuf, diplômé en architecture</p>
<p><strong>Coût, sans abonnement : 10 $</strong></p>

<p>Cette conférence portera sur les raisons qui expliquent la construction de bains publics à Montréal, leur emplacement dans la ville, leurs caractéristiques architecturales et stylistiques et les conditions de vie [&hellip;]</p>
