{"id":1460,"date":"2025-01-16T14:53:26","date_gmt":"2025-01-16T19:53:26","guid":{"rendered":"https:\/\/www.fondationculturellebrebeuf.org\/?post_type=tribe_events&#038;p=1460"},"modified":"2025-01-16T14:53:26","modified_gmt":"2025-01-16T19:53:26","slug":"edward-hopper-entre-lumiere-et-ombre-normand-dore-4","status":"publish","type":"tribe_events","link":"https:\/\/www.fondationculturellebrebeuf.org\/index.php\/event\/edward-hopper-entre-lumiere-et-ombre-normand-dore-4\/","title":{"rendered":"EDWARD HOPPER : entre lumi\u00e8re et ombre \u2013 Normand Dor\u00e9"},"content":{"rendered":"<p>Les mercredis 19 et 26 f\u00e9vrier, 5, 12 et 19 mars 2025, \u00e0 12 h 30, en personne au local G1.133 et en ligne via Zoom<\/p>\n<p style=\"font-weight: 400;\"><img loading=\"lazy\" decoding=\"async\" class=\" wp-image-1389 alignleft\" src=\"https:\/\/www.fondationculturellebrebeuf.org\/wp-content\/uploads\/2024\/12\/Chicago_Hopper_oiseaux-300x164.jpg\" alt=\"\" width=\"273\" height=\"149\" \/>Bien que figurant parmi les r\u00e9alistes am\u00e9ricains, le peintre Edward Hopper fait plut\u00f4t figure de cavalier solitaire. On ne peut pas l\u2019associer \u00e0 ses coll\u00e8gues de l\u2019Ash Can School ni aux grands r\u00e9alistes de l\u2019am\u00e9ricanit\u00e9 tels Andrew Wyeth, Grant Wood ou John Curry.<\/p>\n<p style=\"font-weight: 400;\">Par des jeux complexes de lumi\u00e8re et d\u2019ombre, il a su cr\u00e9er un monde unique qui nous fait p\u00e9n\u00e9trer dans l\u2019univers intime de personnes certes, mais aussi de maisons, de routes, de halls d\u2019h\u00f4tels ou de motels le long de routes obscures, de paysages de d\u00e9solation ou de bord de mer, de vieux bateaux ou de wagons de chemin de fer, comme si chaque chose, comme chaque personne, avait une \u00e2me et nous cachait des secrets dont il nous indique la substance sans jamais toutefois nous en r\u00e9v\u00e9ler clairement le contenu.<\/p>\n<p style=\"font-weight: 400;\">Il a su projeter ses fantasmes et ses angoisses dans tout ce qu\u2019il a peint avec une telle \u00e9conomie de d\u00e9cor qu\u2019en regardant ses \u0153uvres nous arrivons \u00e0 rejoindre et \u00e0 r\u00e9animer nos propres fantasmes et nos propres angoisses alors que nous croyions que plusieurs d\u2019entre eux ou elles \u00e9taient enfoui\u00b7es \u00e0 tout jamais au fond de notre m\u00e9moire.\u00a0 Un peu comme pour l\u2019\u00e9crivain Marcel Proust que le go\u00fbt d\u2019une madeleine, la texture amidonn\u00e9e d\u2019une serviette ou le bruit d\u2019une cuill\u00e8re contre un verre avaient la puissance de faire sourdre en lui tout un monde de souvenirs, les lieux et les \u00eatres, les maisons et les rues, les routes et les trains peints par Hopper stimulent notre m\u00e9moire et redonnent vie \u00e0 nos souvenirs tout en nous envahissant d\u2019une ind\u00e9finissable et merveilleuse nostalgie.<\/p>\n<p style=\"font-weight: 400;\">Ce cours retrace donc la vie et l\u2019\u0153uvre de ce grand peintre am\u00e9ricain et il offre m\u00eame en prime une belle occasion de revivre des instants privil\u00e9gi\u00e9s comparables \u00e0 ceux qu\u2019il a lui-m\u00eame v\u00e9cus et de revoir des lieux qui se superposent ou se juxtaposent aux siens dans notre m\u00e9moire gr\u00e2ce \u00e0 son talent exceptionnel de la composition largement inspir\u00e9 du cin\u00e9ma et \u00e0 sa ma\u00eetrise de la lumi\u00e8re et de l\u2019ombre.<\/p>\n<p style=\"font-weight: 400;\">Animateur\u00a0: <strong>Normand Dor\u00e9<\/strong>, dipl\u00f4m\u00e9 en histoire de l\u2019art et conf\u00e9rencier<\/p>\n<p><strong>Co\u00fbt : 50 $ pour les personnes abonn\u00e9es<\/strong><span style=\"font-weight: 400;\"> (60 $ sans abonnement)<\/span><\/p>\n","protected":false},"excerpt":{"rendered":"<p>Les mercredis 19 et 26 f\u00e9vrier, 5, 12 et 19 mars 2025, \u00e0 12 h 30, en personne au local G1.133 et en ligne via Zoom Bien que figurant parmi [&hellip;]<\/p>\n","protected":false},"author":5,"featured_media":0,"template":"","meta":{"_et_pb_use_builder":"","_et_pb_old_content":"","_et_gb_content_width":"","_price":"","_stock":"","_tribe_ticket_header":"","_tribe_default_ticket_provider":"","_ticket_start_date":"","_ticket_end_date":"","_tribe_ticket_show_description":"","_tribe_ticket_show_not_going":false,"_tribe_ticket_use_global_stock":"","_tribe_ticket_global_stock_level":"","_global_stock_mode":"","_global_stock_cap":"","_tribe_rsvp_for_event":"","_tribe_ticket_going_count":"","_tribe_ticket_not_going_count":"","_tribe_tickets_list":"[]","_tribe_ticket_has_attendee_info_fields":false,"_tribe_events_status":"","_tribe_events_status_reason":"","footnotes":"","_tec_slr_enabled":"","_tec_slr_layout":""},"tags":[],"tribe_events_cat":[10],"class_list":["post-1460","tribe_events","type-tribe_events","status-publish","hentry","tribe_events_cat-cours","cat_cours"],"ticketed":false,"_links":{"self":[{"href":"https:\/\/www.fondationculturellebrebeuf.org\/index.php\/wp-json\/wp\/v2\/tribe_events\/1460","targetHints":{"allow":["GET"]}}],"collection":[{"href":"https:\/\/www.fondationculturellebrebeuf.org\/index.php\/wp-json\/wp\/v2\/tribe_events"}],"about":[{"href":"https:\/\/www.fondationculturellebrebeuf.org\/index.php\/wp-json\/wp\/v2\/types\/tribe_events"}],"author":[{"embeddable":true,"href":"https:\/\/www.fondationculturellebrebeuf.org\/index.php\/wp-json\/wp\/v2\/users\/5"}],"version-history":[{"count":1,"href":"https:\/\/www.fondationculturellebrebeuf.org\/index.php\/wp-json\/wp\/v2\/tribe_events\/1460\/revisions"}],"predecessor-version":[{"id":1461,"href":"https:\/\/www.fondationculturellebrebeuf.org\/index.php\/wp-json\/wp\/v2\/tribe_events\/1460\/revisions\/1461"}],"wp:attachment":[{"href":"https:\/\/www.fondationculturellebrebeuf.org\/index.php\/wp-json\/wp\/v2\/media?parent=1460"}],"wp:term":[{"taxonomy":"post_tag","embeddable":true,"href":"https:\/\/www.fondationculturellebrebeuf.org\/index.php\/wp-json\/wp\/v2\/tags?post=1460"},{"taxonomy":"tribe_events_cat","embeddable":true,"href":"https:\/\/www.fondationculturellebrebeuf.org\/index.php\/wp-json\/wp\/v2\/tribe_events_cat?post=1460"}],"curies":[{"name":"wp","href":"https:\/\/api.w.org\/{rel}","templated":true}]}}

EDWARD HOPPER : entre lumière et ombre – Normand Doré

<p>Les mercredis 19 et 26 février, 5, 12 et 19 mars 2025, à 12 h 30, en personne au local G1.133 et en ligne via Zoom</p>
<p style="font-weight: 400;"><img loading="lazy" decoding="async" class=" wp-image-1389 alignleft" src="https://www.fondationculturellebrebeuf.org/wp-content/uploads/2024/12/Chicago_Hopper_oiseaux-300x164.jpg" alt="" width="273" height="149" />Bien que figurant parmi les réalistes américains, le peintre Edward Hopper fait plutôt figure de cavalier solitaire. On ne peut pas l’associer à ses collègues de l’Ash Can School ni aux grands réalistes de l’américanité tels Andrew Wyeth, Grant Wood ou John Curry.</p>
<p style="font-weight: 400;">Par des jeux complexes de lumière et d’ombre, il a su créer un monde unique qui nous fait pénétrer dans l’univers intime de personnes certes, mais aussi de maisons, de routes, de halls d’hôtels ou de motels le long de routes obscures, de paysages de désolation ou de bord de mer, de vieux bateaux ou de wagons de chemin de fer, comme si chaque chose, comme chaque personne, avait une âme et nous cachait des secrets dont il nous indique la substance sans jamais toutefois nous en révéler clairement le contenu.</p>
<p style="font-weight: 400;">Il a su projeter ses fantasmes et ses angoisses dans tout ce qu’il a peint avec une telle économie de décor qu’en regardant ses œuvres nous arrivons à rejoindre et à réanimer nos propres fantasmes et nos propres angoisses alors que nous croyions que plusieurs d’entre eux ou elles étaient enfoui·es à tout jamais au fond de notre mémoire.  Un peu comme pour l’écrivain Marcel Proust que le goût d’une madeleine, la texture amidonnée d’une serviette ou le bruit d’une cuillère contre un verre avaient la puissance de faire sourdre en lui tout un monde de souvenirs, les lieux et les êtres, les maisons et les rues, les routes et les trains peints par Hopper stimulent notre mémoire et redonnent vie à nos souvenirs tout en nous envahissant d’une indéfinissable et merveilleuse nostalgie.</p>
<p style="font-weight: 400;">Ce cours retrace donc la vie et l’œuvre de ce grand peintre américain et il offre même en prime une belle occasion de revivre des instants privilégiés comparables à ceux qu’il a lui-même vécus et de revoir des lieux qui se superposent ou se juxtaposent aux siens dans notre mémoire grâce à son talent exceptionnel de la composition largement inspiré du cinéma et à sa maîtrise de la lumière et de l’ombre.</p>
<p style="font-weight: 400;">Animateur : <strong>Normand Doré</strong>, diplômé en histoire de l’art et conférencier</p>
<p><strong>Coût : 50 $ pour les personnes abonnées</strong><span style="font-weight: 400;"> (60 $ sans abonnement)</span></p>

<p>Les mercredis 19 et 26 février, 5, 12 et 19 mars 2025, à 12 h 30, en personne au local G1.133 et en ligne via Zoom Bien que figurant parmi [&hellip;]</p>
