{"id":1766,"date":"2025-08-16T10:42:54","date_gmt":"2025-08-16T15:42:54","guid":{"rendered":"https:\/\/www.fondationculturellebrebeuf.org\/?post_type=tribe_events&#038;p=1766"},"modified":"2025-10-20T08:50:42","modified_gmt":"2025-10-20T13:50:42","slug":"lartiste-kent-monkman-et-lhistoire","status":"publish","type":"tribe_events","link":"https:\/\/www.fondationculturellebrebeuf.org\/index.php\/event\/lartiste-kent-monkman-et-lhistoire\/","title":{"rendered":"ANNULATION DE LA CONF\u00c9RENCE DE NICOLAS MAVRIKAKIS SUR MONKMAN"},"content":{"rendered":"<h2 style=\"font-weight: 400;\"><strong>ATTENTION : \u00a0NICOLAS MAVRIKAKIS EST MALADE ET DOIT ANNULER CETTE CONF\u00c9RENCE<\/strong><\/h2>\n<p style=\"font-weight: 400;\">Kent Monkman est un artiste canadien multidisciplinaire aux origines crie, irlandaise et anglaise, mais c\u2019est son appartenance \u00e0 <em>l\u2019oc\u00eakwi s\u00eepiy<\/em> qui d\u00e9termine l\u2019orientation majeure de son \u0153uvre\u00a0: traiter de l\u2019importance des Autochtones dans l\u2019histoire. Il s\u2019est appropri\u00e9 les codes esth\u00e9tiques et iconographiques de la grande peinture d\u2019histoire occidentale, reprenant le format et les th\u00e8mes de tableaux c\u00e9l\u00e8bres du XIX<sup>e<\/sup>si\u00e8cle, comme ceux de Delacroix, mais en mettant en sc\u00e8ne des membres des Premi\u00e8res Nations. D\u2019une part, il r\u00e9pond \u00e0 l\u2019histoire de l\u2019art europ\u00e9en et d\u2019autre part, il r\u00e9\u00e9crit l\u2019histoire en inversant les r\u00f4les.<\/p>\n<p style=\"font-weight: 400;\">L\u2019exposition qui lui est consacr\u00e9e au MBAM d\u00e9bute le 27 septembre.<\/p>\n<p style=\"font-weight: 400;\">Conf\u00e9rencier\u00a0: <strong>Nicolas Mavrikakis<\/strong>, critique d\u2019art et professeur d\u2019histoire de l\u2019art au coll\u00e8ge Br\u00e9beuf<\/p>\n<p><strong>Co\u00fbt, sans abonnement : 10 $<\/strong><\/p>\n<div id=\"attachment_1740\" style=\"width: 214px\" class=\"wp-caption alignright\"><img loading=\"lazy\" decoding=\"async\" aria-describedby=\"caption-attachment-1740\" class=\" wp-image-1740\" src=\"https:\/\/www.fondationculturellebrebeuf.org\/wp-content\/uploads\/2025\/08\/sunday-in-the-park-kent-monkman-2010-scaled-1-300x199.jpg\" alt=\"\" width=\"204\" height=\"135\" \/><p id=\"caption-attachment-1740\" class=\"wp-caption-text\">Sunday in the Park, Kent Monkman, 2010<\/p><\/div>\n","protected":false},"excerpt":{"rendered":"<p>ATTENTION : \u00a0NICOLAS MAVRIKAKIS EST MALADE ET DOIT ANNULER CETTE CONF\u00c9RENCE Kent Monkman est un artiste canadien multidisciplinaire aux origines crie, irlandaise et anglaise, mais c\u2019est son appartenance \u00e0 l\u2019oc\u00eakwi [&hellip;]<\/p>\n","protected":false},"author":5,"featured_media":0,"template":"","meta":{"_et_pb_use_builder":"","_et_pb_old_content":"","_et_gb_content_width":"","_price":"","_stock":"","_tribe_ticket_header":"","_tribe_default_ticket_provider":"","_ticket_start_date":"","_ticket_end_date":"","_tribe_ticket_show_description":"","_tribe_ticket_show_not_going":false,"_tribe_ticket_use_global_stock":"","_tribe_ticket_global_stock_level":"","_global_stock_mode":"","_global_stock_cap":"","_tribe_rsvp_for_event":"","_tribe_ticket_going_count":"","_tribe_ticket_not_going_count":"","_tribe_tickets_list":"[]","_tribe_ticket_has_attendee_info_fields":false,"_tribe_events_status":"","_tribe_events_status_reason":"","footnotes":"","_tec_slr_enabled":"","_tec_slr_layout":""},"tags":[],"tribe_events_cat":[9],"class_list":["post-1766","tribe_events","type-tribe_events","status-publish","hentry","tribe_events_cat-conference","cat_conference"],"ticketed":false,"_links":{"self":[{"href":"https:\/\/www.fondationculturellebrebeuf.org\/index.php\/wp-json\/wp\/v2\/tribe_events\/1766","targetHints":{"allow":["GET"]}}],"collection":[{"href":"https:\/\/www.fondationculturellebrebeuf.org\/index.php\/wp-json\/wp\/v2\/tribe_events"}],"about":[{"href":"https:\/\/www.fondationculturellebrebeuf.org\/index.php\/wp-json\/wp\/v2\/types\/tribe_events"}],"author":[{"embeddable":true,"href":"https:\/\/www.fondationculturellebrebeuf.org\/index.php\/wp-json\/wp\/v2\/users\/5"}],"version-history":[{"count":6,"href":"https:\/\/www.fondationculturellebrebeuf.org\/index.php\/wp-json\/wp\/v2\/tribe_events\/1766\/revisions"}],"predecessor-version":[{"id":2052,"href":"https:\/\/www.fondationculturellebrebeuf.org\/index.php\/wp-json\/wp\/v2\/tribe_events\/1766\/revisions\/2052"}],"wp:attachment":[{"href":"https:\/\/www.fondationculturellebrebeuf.org\/index.php\/wp-json\/wp\/v2\/media?parent=1766"}],"wp:term":[{"taxonomy":"post_tag","embeddable":true,"href":"https:\/\/www.fondationculturellebrebeuf.org\/index.php\/wp-json\/wp\/v2\/tags?post=1766"},{"taxonomy":"tribe_events_cat","embeddable":true,"href":"https:\/\/www.fondationculturellebrebeuf.org\/index.php\/wp-json\/wp\/v2\/tribe_events_cat?post=1766"}],"curies":[{"name":"wp","href":"https:\/\/api.w.org\/{rel}","templated":true}]}}

ANNULATION DE LA CONFÉRENCE DE NICOLAS MAVRIKAKIS SUR MONKMAN

<h2 style="font-weight: 400;"><strong>ATTENTION :  NICOLAS MAVRIKAKIS EST MALADE ET DOIT ANNULER CETTE CONFÉRENCE</strong></h2>
<p style="font-weight: 400;">Kent Monkman est un artiste canadien multidisciplinaire aux origines crie, irlandaise et anglaise, mais c’est son appartenance à <em>l’ocêkwi sîpiy</em> qui détermine l’orientation majeure de son œuvre : traiter de l’importance des Autochtones dans l’histoire. Il s’est approprié les codes esthétiques et iconographiques de la grande peinture d’histoire occidentale, reprenant le format et les thèmes de tableaux célèbres du XIX<sup>e</sup>siècle, comme ceux de Delacroix, mais en mettant en scène des membres des Premières Nations. D’une part, il répond à l’histoire de l’art européen et d’autre part, il réécrit l’histoire en inversant les rôles.</p>
<p style="font-weight: 400;">L’exposition qui lui est consacrée au MBAM débute le 27 septembre.</p>
<p style="font-weight: 400;">Conférencier : <strong>Nicolas Mavrikakis</strong>, critique d’art et professeur d’histoire de l’art au collège Brébeuf</p>
<p><strong>Coût, sans abonnement : 10 $</strong></p>
<div id="attachment_1740" style="width: 214px" class="wp-caption alignright"><img loading="lazy" decoding="async" aria-describedby="caption-attachment-1740" class=" wp-image-1740" src="https://www.fondationculturellebrebeuf.org/wp-content/uploads/2025/08/sunday-in-the-park-kent-monkman-2010-scaled-1-300x199.jpg" alt="" width="204" height="135" /><p id="caption-attachment-1740" class="wp-caption-text">Sunday in the Park, Kent Monkman, 2010</p></div>

<p>ATTENTION :  NICOLAS MAVRIKAKIS EST MALADE ET DOIT ANNULER CETTE CONFÉRENCE Kent Monkman est un artiste canadien multidisciplinaire aux origines crie, irlandaise et anglaise, mais c’est son appartenance à l’ocêkwi [&hellip;]</p>
