{"id":1770,"date":"2025-08-16T10:38:34","date_gmt":"2025-08-16T15:38:34","guid":{"rendered":"https:\/\/www.fondationculturellebrebeuf.org\/?post_type=tribe_events&#038;p=1770"},"modified":"2025-08-16T10:38:34","modified_gmt":"2025-08-16T15:38:34","slug":"danse-entre-esthetique-et-societe","status":"publish","type":"tribe_events","link":"https:\/\/www.fondationculturellebrebeuf.org\/index.php\/event\/danse-entre-esthetique-et-societe\/","title":{"rendered":"DANSE : ENTRE ESTH\u00c9TIQUE ET SOCI\u00c9T\u00c9"},"content":{"rendered":"<p style=\"font-weight: 400;\"><img loading=\"lazy\" decoding=\"async\" class=\" wp-image-1735 alignright\" src=\"https:\/\/www.fondationculturellebrebeuf.org\/wp-content\/uploads\/2025\/08\/Danse_Peinture_rupestre-193x300.png\" alt=\"\" width=\"180\" height=\"280\" srcset=\"https:\/\/www.fondationculturellebrebeuf.org\/wp-content\/uploads\/2025\/08\/Danse_Peinture_rupestre-193x300.png 193w, https:\/\/www.fondationculturellebrebeuf.org\/wp-content\/uploads\/2025\/08\/Danse_Peinture_rupestre.png 384w\" sizes=\"(max-width: 180px) 100vw, 180px\" \/>Cette conf\u00e9rence explore quelques jalons de l\u2019histoire de la danse occidentale, de ses origines \u00e0 aujourd\u2019hui. En retra\u00e7ant son histoire, nous d\u00e9couvrirons comment cette forme d\u2019art tant\u00f4t refl\u00e8te, tant\u00f4t d\u00e9stabilise l\u2019ordre social et\/ou politique.<\/p>\n<p style=\"font-weight: 400;\">Conf\u00e9renci\u00e8re<strong>\u00a0: Fr\u00e9d\u00e9rique Doyon<\/strong>, programmatrice \u00e0 l\u2019<a href=\"applewebdata:\/\/D716AB72-AAA8-4690-9180-051312C5582E\/Peinture%20rupestre,%20Histoire%20de%20la%20danse%20en%20Occident%20de%20Paul%20Boursie,%20Seuil\">Agora de la danse<\/a>.<\/p>\n<p><strong>Co\u00fbt, sans abonnement : 10 $<\/strong><\/p>\n<p>&nbsp;<\/p>\n<p>&nbsp;<\/p>\n<p style=\"text-align: right;\">Peinture rupestre, <em>Histoire de la danse en Occident <\/em>de Paul Bourcier, Seuil<\/p>\n","protected":false},"excerpt":{"rendered":"<p>Cette conf\u00e9rence explore quelques jalons de l\u2019histoire de la danse occidentale, de ses origines \u00e0 aujourd\u2019hui. En retra\u00e7ant son histoire, nous d\u00e9couvrirons comment cette forme d\u2019art tant\u00f4t refl\u00e8te, tant\u00f4t d\u00e9stabilise [&hellip;]<\/p>\n","protected":false},"author":5,"featured_media":0,"template":"","meta":{"_et_pb_use_builder":"","_et_pb_old_content":"","_et_gb_content_width":"","_price":"","_stock":"","_tribe_ticket_header":"","_tribe_default_ticket_provider":"","_ticket_start_date":"","_ticket_end_date":"","_tribe_ticket_show_description":"","_tribe_ticket_show_not_going":false,"_tribe_ticket_use_global_stock":"","_tribe_ticket_global_stock_level":"","_global_stock_mode":"","_global_stock_cap":"","_tribe_rsvp_for_event":"","_tribe_ticket_going_count":"","_tribe_ticket_not_going_count":"","_tribe_tickets_list":"[]","_tribe_ticket_has_attendee_info_fields":false,"_tribe_events_status":"","_tribe_events_status_reason":"","footnotes":"","_tec_slr_enabled":"","_tec_slr_layout":""},"tags":[],"tribe_events_cat":[9],"class_list":["post-1770","tribe_events","type-tribe_events","status-publish","hentry","tribe_events_cat-conference","cat_conference"],"ticketed":false,"_links":{"self":[{"href":"https:\/\/www.fondationculturellebrebeuf.org\/index.php\/wp-json\/wp\/v2\/tribe_events\/1770","targetHints":{"allow":["GET"]}}],"collection":[{"href":"https:\/\/www.fondationculturellebrebeuf.org\/index.php\/wp-json\/wp\/v2\/tribe_events"}],"about":[{"href":"https:\/\/www.fondationculturellebrebeuf.org\/index.php\/wp-json\/wp\/v2\/types\/tribe_events"}],"author":[{"embeddable":true,"href":"https:\/\/www.fondationculturellebrebeuf.org\/index.php\/wp-json\/wp\/v2\/users\/5"}],"version-history":[{"count":3,"href":"https:\/\/www.fondationculturellebrebeuf.org\/index.php\/wp-json\/wp\/v2\/tribe_events\/1770\/revisions"}],"predecessor-version":[{"id":1773,"href":"https:\/\/www.fondationculturellebrebeuf.org\/index.php\/wp-json\/wp\/v2\/tribe_events\/1770\/revisions\/1773"}],"wp:attachment":[{"href":"https:\/\/www.fondationculturellebrebeuf.org\/index.php\/wp-json\/wp\/v2\/media?parent=1770"}],"wp:term":[{"taxonomy":"post_tag","embeddable":true,"href":"https:\/\/www.fondationculturellebrebeuf.org\/index.php\/wp-json\/wp\/v2\/tags?post=1770"},{"taxonomy":"tribe_events_cat","embeddable":true,"href":"https:\/\/www.fondationculturellebrebeuf.org\/index.php\/wp-json\/wp\/v2\/tribe_events_cat?post=1770"}],"curies":[{"name":"wp","href":"https:\/\/api.w.org\/{rel}","templated":true}]}}

DANSE : ENTRE ESTHÉTIQUE ET SOCIÉTÉ

<p style="font-weight: 400;"><img loading="lazy" decoding="async" class=" wp-image-1735 alignright" src="https://www.fondationculturellebrebeuf.org/wp-content/uploads/2025/08/Danse_Peinture_rupestre-193x300.png" alt="" width="180" height="280" srcset="https://www.fondationculturellebrebeuf.org/wp-content/uploads/2025/08/Danse_Peinture_rupestre-193x300.png 193w, https://www.fondationculturellebrebeuf.org/wp-content/uploads/2025/08/Danse_Peinture_rupestre.png 384w" sizes="(max-width: 180px) 100vw, 180px" />Cette conférence explore quelques jalons de l’histoire de la danse occidentale, de ses origines à aujourd’hui. En retraçant son histoire, nous découvrirons comment cette forme d’art tantôt reflète, tantôt déstabilise l’ordre social et/ou politique.</p>
<p style="font-weight: 400;">Conférencière<strong> : Frédérique Doyon</strong>, programmatrice à l’<a href="applewebdata://D716AB72-AAA8-4690-9180-051312C5582E/Peinture%20rupestre,%20Histoire%20de%20la%20danse%20en%20Occident%20de%20Paul%20Boursie,%20Seuil">Agora de la danse</a>.</p>
<p><strong>Coût, sans abonnement : 10 $</strong></p>
<p>&nbsp;</p>
<p>&nbsp;</p>
<p style="text-align: right;">Peinture rupestre, <em>Histoire de la danse en Occident </em>de Paul Bourcier, Seuil</p>

<p>Cette conférence explore quelques jalons de l’histoire de la danse occidentale, de ses origines à aujourd’hui. En retraçant son histoire, nous découvrirons comment cette forme d’art tantôt reflète, tantôt déstabilise [&hellip;]</p>
