{"id":1786,"date":"2025-08-16T10:47:35","date_gmt":"2025-08-16T15:47:35","guid":{"rendered":"https:\/\/www.fondationculturellebrebeuf.org\/?post_type=tribe_events&#038;p=1786"},"modified":"2025-08-16T10:52:42","modified_gmt":"2025-08-16T15:52:42","slug":"diner-au-restaurant-le-9e-et-y-observer-lart-deco","status":"publish","type":"tribe_events","link":"https:\/\/www.fondationculturellebrebeuf.org\/index.php\/event\/diner-au-restaurant-le-9e-et-y-observer-lart-deco\/","title":{"rendered":"D\u00ceNER AU RESTAURANT LE 9e ET Y OBSERVER L\u2019ART D\u00c9CO"},"content":{"rendered":"<p style=\"font-weight: 400;\">\n<div id=\"attachment_1734\" style=\"width: 183px\" class=\"wp-caption alignleft\"><img loading=\"lazy\" decoding=\"async\" aria-describedby=\"caption-attachment-1734\" class=\" wp-image-1734\" src=\"https:\/\/www.fondationculturellebrebeuf.org\/wp-content\/uploads\/2025\/08\/9e-salle-cover-joe-alvoeiro-scaled2-300x200.jpg\" alt=\"\" width=\"173\" height=\"116\" \/><p id=\"caption-attachment-1734\" class=\"wp-caption-text\">9e-salle. Photo de Joe Alvoeiro<\/p><\/div>\n<p style=\"font-weight: 400;\">Le 9<sup>e<\/sup> est situ\u00e9 au Centre Eaton, M\u00e9tro McGill. Jean-Claude Dufresne nous accueillera \u00e0 11 h 30 au 9<sup>e<\/sup> \u00e9tage, \u00e0 la sortie des ascenseurs. Il nous guidera vers le salon qui nous sera r\u00e9serv\u00e9 \u00e0 une extr\u00e9mit\u00e9 du restaurant <em>\u00cele de France<\/em>.<\/p>\n<p style=\"font-weight: 400;\">Le repas sera un buffet chaud incluant un choix d\u2019entr\u00e9es, de plats principaux, d\u2019accompagnements et de desserts.<\/p>\n<p>&nbsp;<\/p>\n<p style=\"font-weight: 400;\"><strong>Co\u00fbt\u00a0: 80 $<\/strong><\/p>\n<p style=\"font-weight: 400;\">Nombre limit\u00e9<\/p>\n<p>&nbsp;<\/p>\n<p style=\"text-align: right;\">\n","protected":false},"excerpt":{"rendered":"<p>Le 9e est situ\u00e9 au Centre Eaton, M\u00e9tro McGill. Jean-Claude Dufresne nous accueillera \u00e0 11 h 30 au 9e \u00e9tage, \u00e0 la sortie des ascenseurs. Il nous guidera vers le [&hellip;]<\/p>\n","protected":false},"author":5,"featured_media":0,"template":"","meta":{"_et_pb_use_builder":"","_et_pb_old_content":"","_et_gb_content_width":"","_price":"","_stock":"","_tribe_ticket_header":"","_tribe_default_ticket_provider":"","_ticket_start_date":"","_ticket_end_date":"","_tribe_ticket_show_description":"","_tribe_ticket_show_not_going":false,"_tribe_ticket_use_global_stock":"","_tribe_ticket_global_stock_level":"","_global_stock_mode":"","_global_stock_cap":"","_tribe_rsvp_for_event":"","_tribe_ticket_going_count":"","_tribe_ticket_not_going_count":"","_tribe_tickets_list":"[]","_tribe_ticket_has_attendee_info_fields":false,"_tribe_events_status":"","_tribe_events_status_reason":"","footnotes":"","_tec_slr_enabled":"","_tec_slr_layout":""},"tags":[],"tribe_events_cat":[13],"class_list":["post-1786","tribe_events","type-tribe_events","status-publish","hentry","tribe_events_cat-visite-culturelle","cat_visite-culturelle"],"ticketed":false,"_links":{"self":[{"href":"https:\/\/www.fondationculturellebrebeuf.org\/index.php\/wp-json\/wp\/v2\/tribe_events\/1786","targetHints":{"allow":["GET"]}}],"collection":[{"href":"https:\/\/www.fondationculturellebrebeuf.org\/index.php\/wp-json\/wp\/v2\/tribe_events"}],"about":[{"href":"https:\/\/www.fondationculturellebrebeuf.org\/index.php\/wp-json\/wp\/v2\/types\/tribe_events"}],"author":[{"embeddable":true,"href":"https:\/\/www.fondationculturellebrebeuf.org\/index.php\/wp-json\/wp\/v2\/users\/5"}],"version-history":[{"count":9,"href":"https:\/\/www.fondationculturellebrebeuf.org\/index.php\/wp-json\/wp\/v2\/tribe_events\/1786\/revisions"}],"predecessor-version":[{"id":1927,"href":"https:\/\/www.fondationculturellebrebeuf.org\/index.php\/wp-json\/wp\/v2\/tribe_events\/1786\/revisions\/1927"}],"wp:attachment":[{"href":"https:\/\/www.fondationculturellebrebeuf.org\/index.php\/wp-json\/wp\/v2\/media?parent=1786"}],"wp:term":[{"taxonomy":"post_tag","embeddable":true,"href":"https:\/\/www.fondationculturellebrebeuf.org\/index.php\/wp-json\/wp\/v2\/tags?post=1786"},{"taxonomy":"tribe_events_cat","embeddable":true,"href":"https:\/\/www.fondationculturellebrebeuf.org\/index.php\/wp-json\/wp\/v2\/tribe_events_cat?post=1786"}],"curies":[{"name":"wp","href":"https:\/\/api.w.org\/{rel}","templated":true}]}}

DÎNER AU RESTAURANT LE 9e ET Y OBSERVER L’ART DÉCO

<p style="font-weight: 400;">
<div id="attachment_1734" style="width: 183px" class="wp-caption alignleft"><img loading="lazy" decoding="async" aria-describedby="caption-attachment-1734" class=" wp-image-1734" src="https://www.fondationculturellebrebeuf.org/wp-content/uploads/2025/08/9e-salle-cover-joe-alvoeiro-scaled2-300x200.jpg" alt="" width="173" height="116" /><p id="caption-attachment-1734" class="wp-caption-text">9e-salle. Photo de Joe Alvoeiro</p></div>
<p style="font-weight: 400;">Le 9<sup>e</sup> est situé au Centre Eaton, Métro McGill. Jean-Claude Dufresne nous accueillera à 11 h 30 au 9<sup>e</sup> étage, à la sortie des ascenseurs. Il nous guidera vers le salon qui nous sera réservé à une extrémité du restaurant <em>Île de France</em>.</p>
<p style="font-weight: 400;">Le repas sera un buffet chaud incluant un choix d’entrées, de plats principaux, d’accompagnements et de desserts.</p>
<p>&nbsp;</p>
<p style="font-weight: 400;"><strong>Coût : 80 $</strong></p>
<p style="font-weight: 400;">Nombre limité</p>
<p>&nbsp;</p>
<p style="text-align: right;">

<p>Le 9e est situé au Centre Eaton, Métro McGill. Jean-Claude Dufresne nous accueillera à 11 h 30 au 9e étage, à la sortie des ascenseurs. Il nous guidera vers le [&hellip;]</p>
