{"id":1830,"date":"2025-08-16T10:37:58","date_gmt":"2025-08-16T15:37:58","guid":{"rendered":"https:\/\/www.fondationculturellebrebeuf.org\/?post_type=tribe_events&#038;p=1830"},"modified":"2025-08-16T10:37:58","modified_gmt":"2025-08-16T15:37:58","slug":"cercle-de-lecture-litterature-irlandaise-2","status":"publish","type":"tribe_events","link":"https:\/\/www.fondationculturellebrebeuf.org\/index.php\/event\/cercle-de-lecture-litterature-irlandaise-2\/","title":{"rendered":"CERCLE DE LECTURE : litt\u00e9rature irlandaise"},"content":{"rendered":"<p style=\"font-weight: 400;\">Les <strong>mardis<\/strong> 16 septembre, 7 octobre, 4 novembre et 2 d\u00e9cembre<br \/>\n<strong>de 13 h 30 \u00e0 16 h<\/strong>, en pr\u00e9sence <strong>au local A2.06<\/strong><\/p>\n<p style=\"font-weight: 400;\">La litt\u00e9rature irlandaise, pourtant celle d\u2019un petit pays, a contribu\u00e9 de fa\u00e7on exceptionnelle \u00e0 la litt\u00e9rature mondiale, et ce, \u00e0 diverses \u00e9poques et dans tous les genres (po\u00e9tique, dramatique et narratif). Les soci\u00e9t\u00e9s irlandaise et qu\u00e9b\u00e9coise, de tailles similaires, pr\u00e9sentent par ailleurs de nombreuses analogies\u00a0: la colonisation anglaise, protestante, d\u2019une majorit\u00e9 catholique; l\u2019agriculture comme seul horizon; l\u2019ali\u00e9nation linguistique, l\u2019irlandais \u00e9tant parasit\u00e9 par l\u2019anglais un peu comme le joual; la pauvret\u00e9 et l\u2019\u00e9migration&#8230;<\/p>\n<p style=\"font-weight: 400;\">Explorer cette litt\u00e9rature d\u00e9gage des horizons \u00e0 la fois familiers et inattendus.<\/p>\n<ul>\n<li>16 sept. : Introduction : des l\u00e9gendes celtiques \u00e0 la po\u00e9sie de Yeats et de Seamus Heaney\u00a0(choix de textes).<\/li>\n<li>7 oct. : Les classiques de la modernit\u00e9\u00a0: Oscar Wilde, <em>Le portrait de Dorian Gray<\/em>; James Joyce, <em>Gens de Dublin<\/em>; Samuel Beckett, <em>Mal vu, mal dit<\/em>.<\/li>\n<li>4 nov. : John Banville, n\u00e9 en 1945\u00a0: <em>La mer, La lettre de Newton<\/em>; Colm T\u00f3ib\u00edn, n\u00e9 en 1955\u00a0: <em>Brooklyn<\/em>, <em>Long Island.<\/em><\/li>\n<li>2 d\u00e9c. : Claire Keegan, n\u00e9e en 1968\u00a0: <em>Ce genre de petites choses<\/em>, <em>Foster<\/em>; Donal Ryan, n\u00e9 en 1977\u00a0: <em>La vie est une chose \u00e9trange<\/em>; Sally Rooney, n\u00e9e en 1991\u00a0:<em> Normal People, Intermezzo<\/em>.<\/li>\n<\/ul>\n<p style=\"font-weight: 400;\">Animatrice\u00a0: <strong>Louise G\u00e9rin Duffy<\/strong><\/p>\n<p style=\"font-weight: 400;\"><strong>Co\u00fbt\u00a0: 25 $ pour les personnes abonn\u00e9es<\/strong> (35 $ sans abonnement)<\/p>\n<p style=\"font-weight: 400;\">Nombre limit\u00e9<\/p>\n","protected":false},"excerpt":{"rendered":"<p>Les mardis 16 septembre, 7 octobre, 4 novembre et 2 d\u00e9cembre de 13 h 30 \u00e0 16 h, en pr\u00e9sence au local A2.06 La litt\u00e9rature irlandaise, pourtant celle d\u2019un petit [&hellip;]<\/p>\n","protected":false},"author":5,"featured_media":0,"template":"","meta":{"_et_pb_use_builder":"","_et_pb_old_content":"","_et_gb_content_width":"","_price":"","_stock":"","_tribe_ticket_header":"","_tribe_default_ticket_provider":"","_ticket_start_date":"","_ticket_end_date":"","_tribe_ticket_show_description":"","_tribe_ticket_show_not_going":false,"_tribe_ticket_use_global_stock":"","_tribe_ticket_global_stock_level":"","_global_stock_mode":"","_global_stock_cap":"","_tribe_rsvp_for_event":"","_tribe_ticket_going_count":"","_tribe_ticket_not_going_count":"","_tribe_tickets_list":"[]","_tribe_ticket_has_attendee_info_fields":false,"_tribe_events_status":"","_tribe_events_status_reason":"","footnotes":"","_tec_slr_enabled":"","_tec_slr_layout":""},"tags":[],"tribe_events_cat":[11],"class_list":["post-1830","tribe_events","type-tribe_events","status-publish","hentry","tribe_events_cat-atelier","cat_atelier"],"ticketed":false,"_links":{"self":[{"href":"https:\/\/www.fondationculturellebrebeuf.org\/index.php\/wp-json\/wp\/v2\/tribe_events\/1830","targetHints":{"allow":["GET"]}}],"collection":[{"href":"https:\/\/www.fondationculturellebrebeuf.org\/index.php\/wp-json\/wp\/v2\/tribe_events"}],"about":[{"href":"https:\/\/www.fondationculturellebrebeuf.org\/index.php\/wp-json\/wp\/v2\/types\/tribe_events"}],"author":[{"embeddable":true,"href":"https:\/\/www.fondationculturellebrebeuf.org\/index.php\/wp-json\/wp\/v2\/users\/5"}],"version-history":[{"count":1,"href":"https:\/\/www.fondationculturellebrebeuf.org\/index.php\/wp-json\/wp\/v2\/tribe_events\/1830\/revisions"}],"predecessor-version":[{"id":1831,"href":"https:\/\/www.fondationculturellebrebeuf.org\/index.php\/wp-json\/wp\/v2\/tribe_events\/1830\/revisions\/1831"}],"wp:attachment":[{"href":"https:\/\/www.fondationculturellebrebeuf.org\/index.php\/wp-json\/wp\/v2\/media?parent=1830"}],"wp:term":[{"taxonomy":"post_tag","embeddable":true,"href":"https:\/\/www.fondationculturellebrebeuf.org\/index.php\/wp-json\/wp\/v2\/tags?post=1830"},{"taxonomy":"tribe_events_cat","embeddable":true,"href":"https:\/\/www.fondationculturellebrebeuf.org\/index.php\/wp-json\/wp\/v2\/tribe_events_cat?post=1830"}],"curies":[{"name":"wp","href":"https:\/\/api.w.org\/{rel}","templated":true}]}}

CERCLE DE LECTURE : littérature irlandaise

<p style="font-weight: 400;">Les <strong>mardis</strong> 16 septembre, 7 octobre, 4 novembre et 2 décembre<br />
<strong>de 13 h 30 à 16 h</strong>, en présence <strong>au local A2.06</strong></p>
<p style="font-weight: 400;">La littérature irlandaise, pourtant celle d’un petit pays, a contribué de façon exceptionnelle à la littérature mondiale, et ce, à diverses époques et dans tous les genres (poétique, dramatique et narratif). Les sociétés irlandaise et québécoise, de tailles similaires, présentent par ailleurs de nombreuses analogies : la colonisation anglaise, protestante, d’une majorité catholique; l’agriculture comme seul horizon; l’aliénation linguistique, l’irlandais étant parasité par l’anglais un peu comme le joual; la pauvreté et l’émigration&#8230;</p>
<p style="font-weight: 400;">Explorer cette littérature dégage des horizons à la fois familiers et inattendus.</p>
<ul>
<li>16 sept. : Introduction : des légendes celtiques à la poésie de Yeats et de Seamus Heaney (choix de textes).</li>
<li>7 oct. : Les classiques de la modernité : Oscar Wilde, <em>Le portrait de Dorian Gray</em>; James Joyce, <em>Gens de Dublin</em>; Samuel Beckett, <em>Mal vu, mal dit</em>.</li>
<li>4 nov. : John Banville, né en 1945 : <em>La mer, La lettre de Newton</em>; Colm Tóibín, né en 1955 : <em>Brooklyn</em>, <em>Long Island.</em></li>
<li>2 déc. : Claire Keegan, née en 1968 : <em>Ce genre de petites choses</em>, <em>Foster</em>; Donal Ryan, né en 1977 : <em>La vie est une chose étrange</em>; Sally Rooney, née en 1991 :<em> Normal People, Intermezzo</em>.</li>
</ul>
<p style="font-weight: 400;">Animatrice : <strong>Louise Gérin Duffy</strong></p>
<p style="font-weight: 400;"><strong>Coût : 25 $ pour les personnes abonnées</strong> (35 $ sans abonnement)</p>
<p style="font-weight: 400;">Nombre limité</p>

<p>Les mardis 16 septembre, 7 octobre, 4 novembre et 2 décembre de 13 h 30 à 16 h, en présence au local A2.06 La littérature irlandaise, pourtant celle d’un petit [&hellip;]</p>
