{"id":1836,"date":"2025-08-16T10:55:35","date_gmt":"2025-08-16T15:55:35","guid":{"rendered":"https:\/\/www.fondationculturellebrebeuf.org\/?post_type=tribe_events&#038;p=1836"},"modified":"2025-08-16T10:55:35","modified_gmt":"2025-08-16T15:55:35","slug":"conference-publique-du-college-alain-roy-sur-donald-trump","status":"publish","type":"tribe_events","link":"https:\/\/www.fondationculturellebrebeuf.org\/index.php\/event\/conference-publique-du-college-alain-roy-sur-donald-trump\/","title":{"rendered":"Conf\u00e9rence publique du coll\u00e8ge &#8211; Alain Roy sur Donald Trump"},"content":{"rendered":"<p style=\"font-weight: 400;\"><strong>Cette conf\u00e9rence publique du coll\u00e8ge est ouverte \u00e0 toutes et tous. Elle se tiendra <\/strong><strong>\u00e0 la salle Jacques-Maurice <\/strong><strong>le mercredi, 24 septembre de 12 h 50 \u00e0 14 h 15.<\/strong><\/p>\n<p><strong>L\u2019\u00e9crivain Alain Roy<\/strong> parlera de son essai <em>Le cas Trump\u00a0: portrait d\u2019un imposteur <\/em>(\u00e9cosoci\u00e9t\u00e9, 2025)<em>. <\/em>On soulignera aussi le 25<sup>e<\/sup> anniversaire de la revue culturelle <em>l\u2019Inconv\u00e9nient<\/em> dont il est cofondateur.<\/p>\n","protected":false},"excerpt":{"rendered":"<p>Cette conf\u00e9rence publique du coll\u00e8ge est ouverte \u00e0 toutes et tous. Elle se tiendra \u00e0 la salle Jacques-Maurice le mercredi, 24 septembre de 12 h 50 \u00e0 14 h 15. [&hellip;]<\/p>\n","protected":false},"author":5,"featured_media":0,"template":"","meta":{"_et_pb_use_builder":"","_et_pb_old_content":"","_et_gb_content_width":"","_price":"","_stock":"","_tribe_ticket_header":"","_tribe_default_ticket_provider":"","_ticket_start_date":"","_ticket_end_date":"","_tribe_ticket_show_description":"","_tribe_ticket_show_not_going":false,"_tribe_ticket_use_global_stock":"","_tribe_ticket_global_stock_level":"","_global_stock_mode":"","_global_stock_cap":"","_tribe_rsvp_for_event":"","_tribe_ticket_going_count":"","_tribe_ticket_not_going_count":"","_tribe_tickets_list":"[]","_tribe_ticket_has_attendee_info_fields":false,"_tribe_events_status":"","_tribe_events_status_reason":"","footnotes":"","_tec_slr_enabled":"","_tec_slr_layout":""},"tags":[],"tribe_events_cat":[9],"class_list":["post-1836","tribe_events","type-tribe_events","status-publish","hentry","tribe_events_cat-conference","cat_conference"],"ticketed":false,"_links":{"self":[{"href":"https:\/\/www.fondationculturellebrebeuf.org\/index.php\/wp-json\/wp\/v2\/tribe_events\/1836","targetHints":{"allow":["GET"]}}],"collection":[{"href":"https:\/\/www.fondationculturellebrebeuf.org\/index.php\/wp-json\/wp\/v2\/tribe_events"}],"about":[{"href":"https:\/\/www.fondationculturellebrebeuf.org\/index.php\/wp-json\/wp\/v2\/types\/tribe_events"}],"author":[{"embeddable":true,"href":"https:\/\/www.fondationculturellebrebeuf.org\/index.php\/wp-json\/wp\/v2\/users\/5"}],"version-history":[{"count":3,"href":"https:\/\/www.fondationculturellebrebeuf.org\/index.php\/wp-json\/wp\/v2\/tribe_events\/1836\/revisions"}],"predecessor-version":[{"id":1853,"href":"https:\/\/www.fondationculturellebrebeuf.org\/index.php\/wp-json\/wp\/v2\/tribe_events\/1836\/revisions\/1853"}],"wp:attachment":[{"href":"https:\/\/www.fondationculturellebrebeuf.org\/index.php\/wp-json\/wp\/v2\/media?parent=1836"}],"wp:term":[{"taxonomy":"post_tag","embeddable":true,"href":"https:\/\/www.fondationculturellebrebeuf.org\/index.php\/wp-json\/wp\/v2\/tags?post=1836"},{"taxonomy":"tribe_events_cat","embeddable":true,"href":"https:\/\/www.fondationculturellebrebeuf.org\/index.php\/wp-json\/wp\/v2\/tribe_events_cat?post=1836"}],"curies":[{"name":"wp","href":"https:\/\/api.w.org\/{rel}","templated":true}]}}

Conférence publique du collège &#8211; Alain Roy sur Donald Trump

<p style="font-weight: 400;"><strong>Cette conférence publique du collège est ouverte à toutes et tous. Elle se tiendra </strong><strong>à la salle Jacques-Maurice </strong><strong>le mercredi, 24 septembre de 12 h 50 à 14 h 15.</strong></p>
<p><strong>L’écrivain Alain Roy</strong> parlera de son essai <em>Le cas Trump : portrait d’un imposteur </em>(écosociété, 2025)<em>. </em>On soulignera aussi le 25<sup>e</sup> anniversaire de la revue culturelle <em>l’Inconvénient</em> dont il est cofondateur.</p>

<p>Cette conférence publique du collège est ouverte à toutes et tous. Elle se tiendra à la salle Jacques-Maurice le mercredi, 24 septembre de 12 h 50 à 14 h 15. [&hellip;]</p>
