{"id":1845,"date":"2025-08-16T10:41:47","date_gmt":"2025-08-16T15:41:47","guid":{"rendered":"https:\/\/www.fondationculturellebrebeuf.org\/?post_type=tribe_events&#038;p=1845"},"modified":"2025-08-16T10:41:47","modified_gmt":"2025-08-16T15:41:47","slug":"atelier-decriture-ecrire-tout-court-4","status":"publish","type":"tribe_events","link":"https:\/\/www.fondationculturellebrebeuf.org\/index.php\/event\/atelier-decriture-ecrire-tout-court-4\/","title":{"rendered":"ATELIER D\u2019\u00c9CRITURE : \u00c9crire tout court"},"content":{"rendered":"<p style=\"font-weight: 400;\">Les<strong> jeudis <\/strong>25 septembre, 9 et 23 octobre, 6 et 20 novembre et 4 d\u00e9cembre<br \/>\n<strong>de 13 h 30 \u00e0 16 h 30, local \u00e0 d\u00e9terminer<\/strong><\/p>\n<p style=\"font-weight: 400;\">Identifier les \u00e9l\u00e9ments cl\u00e9s d\u2019un r\u00e9cit; cerner l\u2019essentiel d\u2019un lieu; donner vie \u00e0 des personnages; d\u00e9couvrir la vie secr\u00e8te d\u2019une histoire, autant d\u2019aspects fondamentaux de l&rsquo;\u00e9criture que l\u2019atelier <strong><em>\u00c9crire tout court<\/em><\/strong> propose d\u2019explorer au moyen d\u2019outils cr\u00e9atifs, d\u2019exercices, de lectures et de discussions dans la bonne humeur.<\/p>\n<p style=\"font-weight: 400;\">Animatrice\u00a0: <strong>Mich\u00e8le Plomer<\/strong>, \u00e9crivaine, \u00e9ditrice, conf\u00e9renci\u00e8re et animatrice.<\/p>\n<p style=\"font-weight: 400;\"><strong>Co\u00fbt\u00a0: 125 $ pour les personnes abonn\u00e9es<\/strong> (145 $ sans abonnement)<\/p>\n<p style=\"font-weight: 400;\">Nombre limit\u00e9<\/p>\n","protected":false},"excerpt":{"rendered":"<p>Les jeudis 25 septembre, 9 et 23 octobre, 6 et 20 novembre et 4 d\u00e9cembre de 13 h 30 \u00e0 16 h 30, local \u00e0 d\u00e9terminer Identifier les \u00e9l\u00e9ments cl\u00e9s [&hellip;]<\/p>\n","protected":false},"author":5,"featured_media":0,"template":"","meta":{"_et_pb_use_builder":"","_et_pb_old_content":"","_et_gb_content_width":"","_price":"","_stock":"","_tribe_ticket_header":"","_tribe_default_ticket_provider":"","_ticket_start_date":"","_ticket_end_date":"","_tribe_ticket_show_description":"","_tribe_ticket_show_not_going":false,"_tribe_ticket_use_global_stock":"","_tribe_ticket_global_stock_level":"","_global_stock_mode":"","_global_stock_cap":"","_tribe_rsvp_for_event":"","_tribe_ticket_going_count":"","_tribe_ticket_not_going_count":"","_tribe_tickets_list":"[]","_tribe_ticket_has_attendee_info_fields":false,"_tribe_events_status":"","_tribe_events_status_reason":"","footnotes":"","_tec_slr_enabled":"","_tec_slr_layout":""},"tags":[],"tribe_events_cat":[11],"class_list":["post-1845","tribe_events","type-tribe_events","status-publish","hentry","tribe_events_cat-atelier","cat_atelier"],"ticketed":false,"_links":{"self":[{"href":"https:\/\/www.fondationculturellebrebeuf.org\/index.php\/wp-json\/wp\/v2\/tribe_events\/1845","targetHints":{"allow":["GET"]}}],"collection":[{"href":"https:\/\/www.fondationculturellebrebeuf.org\/index.php\/wp-json\/wp\/v2\/tribe_events"}],"about":[{"href":"https:\/\/www.fondationculturellebrebeuf.org\/index.php\/wp-json\/wp\/v2\/types\/tribe_events"}],"author":[{"embeddable":true,"href":"https:\/\/www.fondationculturellebrebeuf.org\/index.php\/wp-json\/wp\/v2\/users\/5"}],"version-history":[{"count":2,"href":"https:\/\/www.fondationculturellebrebeuf.org\/index.php\/wp-json\/wp\/v2\/tribe_events\/1845\/revisions"}],"predecessor-version":[{"id":1879,"href":"https:\/\/www.fondationculturellebrebeuf.org\/index.php\/wp-json\/wp\/v2\/tribe_events\/1845\/revisions\/1879"}],"wp:attachment":[{"href":"https:\/\/www.fondationculturellebrebeuf.org\/index.php\/wp-json\/wp\/v2\/media?parent=1845"}],"wp:term":[{"taxonomy":"post_tag","embeddable":true,"href":"https:\/\/www.fondationculturellebrebeuf.org\/index.php\/wp-json\/wp\/v2\/tags?post=1845"},{"taxonomy":"tribe_events_cat","embeddable":true,"href":"https:\/\/www.fondationculturellebrebeuf.org\/index.php\/wp-json\/wp\/v2\/tribe_events_cat?post=1845"}],"curies":[{"name":"wp","href":"https:\/\/api.w.org\/{rel}","templated":true}]}}

ATELIER D’ÉCRITURE : Écrire tout court

<p style="font-weight: 400;">Les<strong> jeudis </strong>25 septembre, 9 et 23 octobre, 6 et 20 novembre et 4 décembre<br />
<strong>de 13 h 30 à 16 h 30, local à déterminer</strong></p>
<p style="font-weight: 400;">Identifier les éléments clés d’un récit; cerner l’essentiel d’un lieu; donner vie à des personnages; découvrir la vie secrète d’une histoire, autant d’aspects fondamentaux de l&rsquo;écriture que l’atelier <strong><em>Écrire tout court</em></strong> propose d’explorer au moyen d’outils créatifs, d’exercices, de lectures et de discussions dans la bonne humeur.</p>
<p style="font-weight: 400;">Animatrice : <strong>Michèle Plomer</strong>, écrivaine, éditrice, conférencière et animatrice.</p>
<p style="font-weight: 400;"><strong>Coût : 125 $ pour les personnes abonnées</strong> (145 $ sans abonnement)</p>
<p style="font-weight: 400;">Nombre limité</p>

<p>Les jeudis 25 septembre, 9 et 23 octobre, 6 et 20 novembre et 4 décembre de 13 h 30 à 16 h 30, local à déterminer Identifier les éléments clés [&hellip;]</p>
