{"id":1874,"date":"2025-08-16T10:40:56","date_gmt":"2025-08-16T15:40:56","guid":{"rendered":"https:\/\/www.fondationculturellebrebeuf.org\/?post_type=tribe_events&#038;p=1874"},"modified":"2025-08-16T10:40:56","modified_gmt":"2025-08-16T15:40:56","slug":"venise-de-la-fondation-a-aujourdhui-promenade-historique-et-culturelle-5","status":"publish","type":"tribe_events","link":"https:\/\/www.fondationculturellebrebeuf.org\/index.php\/event\/venise-de-la-fondation-a-aujourdhui-promenade-historique-et-culturelle-5\/","title":{"rendered":"VENISE : de la fondation \u00e0 aujourd\u2019hui, promenade historique et culturelle"},"content":{"rendered":"<div id=\"attachment_1742\" style=\"width: 266px\" class=\"wp-caption alignright\"><img loading=\"lazy\" decoding=\"async\" aria-describedby=\"caption-attachment-1742\" class=\" wp-image-1742\" src=\"https:\/\/www.fondationculturellebrebeuf.org\/wp-content\/uploads\/2025\/08\/canaletto-mole-300x170.jpg\" alt=\"\" width=\"256\" height=\"145\" \/><p id=\"caption-attachment-1742\" class=\"wp-caption-text\">Canaletto Antonio (1697-1768). Paris, Mus\u00e9e du Louvre. RF1949-7.<\/p><\/div>\n<p style=\"font-weight: 400;\">Les mercredis <strong>29 octobre, 5, 19, 26 novembre et 3 d\u00e9cembre<\/strong>, de 12 h 30 \u00e0 14 h 20, <strong>en ligne via Zoom et en personne au local G1.133<\/strong><\/p>\n<p style=\"font-weight: 400;\">Comment est n\u00e9e la Cit\u00e9 des Doges? Comment une telle merveille a-t-elle pu jaillir du sable et de l\u2019eau? Et quelle pulsion obscure ou quels motifs ont pu pousser des gens \u00e0 s\u2019\u00e9tablir ainsi au milieu de nulle part? Comment ont-ils pu b\u00e2tir leurs palais quasi flottants? Comment ont-ils fait ensuite pour devenir si riches, voire constituer la plus grande puissance \u00e9conomique du monde durant quelques si\u00e8cles?<\/p>\n<p style=\"font-weight: 400;\">Ce cours nous fait d\u00e9couvrir l\u2019histoire de la S\u00e9r\u00e9nissime R\u00e9publique en nous mettant en contact avec ses institutions, ses traditions et ses grands artistes, et ce, dans tous les arts, avec un chapitre important consacr\u00e9 \u00e0 l\u2019\u00e9volution de la peinture v\u00e9nitienne du XIII<sup>e<\/sup> au XX<sup>e<\/sup> si\u00e8cle.<br \/>\nNous d\u00e9couvrons aussi des \u00e9trangers c\u00e9l\u00e8bres, po\u00e8tes, romanciers, peintres ou musiciens qui, fascin\u00e9s par son environnement unique et son esprit de tol\u00e9rance, ont ajout\u00e9 \u00e0 sa grandeur.<\/p>\n<p style=\"font-weight: 400;\">Mus\u00e9e vivant d\u2019un monde d\u00e9sormais r\u00e9volu, vestibule, peut-\u00eatre, d\u2019un \u00ab paradis \u00bb perdu, Venise continue de nous faire r\u00eaver faute de pouvoir nous en faire vivre. Mais cette nostalgie aura-t-elle une fin?<\/p>\n<p style=\"font-weight: 400;\">Animateur\u00a0: <strong>Normand Dor\u00e9<\/strong>, dipl\u00f4m\u00e9 en histoire de l\u2019art et conf\u00e9rencier<\/p>\n<div id=\"attachment_1741\" style=\"width: 255px\" class=\"wp-caption alignright\"><img loading=\"lazy\" decoding=\"async\" aria-describedby=\"caption-attachment-1741\" class=\" wp-image-1741\" src=\"https:\/\/www.fondationculturellebrebeuf.org\/wp-content\/uploads\/2025\/08\/Venise_MoyenAge_Bodleian-300x267.jpg\" alt=\"\" width=\"245\" height=\"218\" \/><p id=\"caption-attachment-1741\" class=\"wp-caption-text\">Venise, Moyen \u00c2ge, Biblioth\u00e8que Bodl\u00e9ienne, Oxford<\/p><\/div>\n<p style=\"font-weight: 400;\"><strong>Co\u00fbt\u00a0: 50 $ pour les personnes abonn\u00e9es<\/strong> (60 $ sans abonnement)<\/p>\n","protected":false},"excerpt":{"rendered":"<p>Les mercredis 29 octobre, 5, 19, 26 novembre et 3 d\u00e9cembre, de 12 h 30 \u00e0 14 h 20, en ligne via Zoom et en personne au local G1.133 Comment [&hellip;]<\/p>\n","protected":false},"author":5,"featured_media":0,"template":"","meta":{"_et_pb_use_builder":"","_et_pb_old_content":"","_et_gb_content_width":"","_price":"","_stock":"","_tribe_ticket_header":"","_tribe_default_ticket_provider":"","_ticket_start_date":"","_ticket_end_date":"","_tribe_ticket_show_description":"","_tribe_ticket_show_not_going":false,"_tribe_ticket_use_global_stock":"","_tribe_ticket_global_stock_level":"","_global_stock_mode":"","_global_stock_cap":"","_tribe_rsvp_for_event":"","_tribe_ticket_going_count":"","_tribe_ticket_not_going_count":"","_tribe_tickets_list":"[]","_tribe_ticket_has_attendee_info_fields":false,"_tribe_events_status":"","_tribe_events_status_reason":"","footnotes":"","_tec_slr_enabled":"","_tec_slr_layout":""},"tags":[],"tribe_events_cat":[10],"class_list":["post-1874","tribe_events","type-tribe_events","status-publish","hentry","tribe_events_cat-cours","cat_cours"],"ticketed":false,"_links":{"self":[{"href":"https:\/\/www.fondationculturellebrebeuf.org\/index.php\/wp-json\/wp\/v2\/tribe_events\/1874","targetHints":{"allow":["GET"]}}],"collection":[{"href":"https:\/\/www.fondationculturellebrebeuf.org\/index.php\/wp-json\/wp\/v2\/tribe_events"}],"about":[{"href":"https:\/\/www.fondationculturellebrebeuf.org\/index.php\/wp-json\/wp\/v2\/types\/tribe_events"}],"author":[{"embeddable":true,"href":"https:\/\/www.fondationculturellebrebeuf.org\/index.php\/wp-json\/wp\/v2\/users\/5"}],"version-history":[{"count":1,"href":"https:\/\/www.fondationculturellebrebeuf.org\/index.php\/wp-json\/wp\/v2\/tribe_events\/1874\/revisions"}],"predecessor-version":[{"id":1875,"href":"https:\/\/www.fondationculturellebrebeuf.org\/index.php\/wp-json\/wp\/v2\/tribe_events\/1874\/revisions\/1875"}],"wp:attachment":[{"href":"https:\/\/www.fondationculturellebrebeuf.org\/index.php\/wp-json\/wp\/v2\/media?parent=1874"}],"wp:term":[{"taxonomy":"post_tag","embeddable":true,"href":"https:\/\/www.fondationculturellebrebeuf.org\/index.php\/wp-json\/wp\/v2\/tags?post=1874"},{"taxonomy":"tribe_events_cat","embeddable":true,"href":"https:\/\/www.fondationculturellebrebeuf.org\/index.php\/wp-json\/wp\/v2\/tribe_events_cat?post=1874"}],"curies":[{"name":"wp","href":"https:\/\/api.w.org\/{rel}","templated":true}]}}

VENISE : de la fondation à aujourd’hui, promenade historique et culturelle

<div id="attachment_1742" style="width: 266px" class="wp-caption alignright"><img loading="lazy" decoding="async" aria-describedby="caption-attachment-1742" class=" wp-image-1742" src="https://www.fondationculturellebrebeuf.org/wp-content/uploads/2025/08/canaletto-mole-300x170.jpg" alt="" width="256" height="145" /><p id="caption-attachment-1742" class="wp-caption-text">Canaletto Antonio (1697-1768). Paris, Musée du Louvre. RF1949-7.</p></div>
<p style="font-weight: 400;">Les mercredis <strong>29 octobre, 5, 19, 26 novembre et 3 décembre</strong>, de 12 h 30 à 14 h 20, <strong>en ligne via Zoom et en personne au local G1.133</strong></p>
<p style="font-weight: 400;">Comment est née la Cité des Doges? Comment une telle merveille a-t-elle pu jaillir du sable et de l’eau? Et quelle pulsion obscure ou quels motifs ont pu pousser des gens à s’établir ainsi au milieu de nulle part? Comment ont-ils pu bâtir leurs palais quasi flottants? Comment ont-ils fait ensuite pour devenir si riches, voire constituer la plus grande puissance économique du monde durant quelques siècles?</p>
<p style="font-weight: 400;">Ce cours nous fait découvrir l’histoire de la Sérénissime République en nous mettant en contact avec ses institutions, ses traditions et ses grands artistes, et ce, dans tous les arts, avec un chapitre important consacré à l’évolution de la peinture vénitienne du XIII<sup>e</sup> au XX<sup>e</sup> siècle.<br />
Nous découvrons aussi des étrangers célèbres, poètes, romanciers, peintres ou musiciens qui, fascinés par son environnement unique et son esprit de tolérance, ont ajouté à sa grandeur.</p>
<p style="font-weight: 400;">Musée vivant d’un monde désormais révolu, vestibule, peut-être, d’un « paradis » perdu, Venise continue de nous faire rêver faute de pouvoir nous en faire vivre. Mais cette nostalgie aura-t-elle une fin?</p>
<p style="font-weight: 400;">Animateur : <strong>Normand Doré</strong>, diplômé en histoire de l’art et conférencier</p>
<div id="attachment_1741" style="width: 255px" class="wp-caption alignright"><img loading="lazy" decoding="async" aria-describedby="caption-attachment-1741" class=" wp-image-1741" src="https://www.fondationculturellebrebeuf.org/wp-content/uploads/2025/08/Venise_MoyenAge_Bodleian-300x267.jpg" alt="" width="245" height="218" /><p id="caption-attachment-1741" class="wp-caption-text">Venise, Moyen Âge, Bibliothèque Bodléienne, Oxford</p></div>
<p style="font-weight: 400;"><strong>Coût : 50 $ pour les personnes abonnées</strong> (60 $ sans abonnement)</p>

<p>Les mercredis 29 octobre, 5, 19, 26 novembre et 3 décembre, de 12 h 30 à 14 h 20, en ligne via Zoom et en personne au local G1.133 Comment [&hellip;]</p>
