{"id":2230,"date":"2026-01-08T11:17:17","date_gmt":"2026-01-08T16:17:17","guid":{"rendered":"https:\/\/www.fondationculturellebrebeuf.org\/?post_type=tribe_events&#038;p=2230"},"modified":"2026-01-08T11:17:17","modified_gmt":"2026-01-08T16:17:17","slug":"les-oiseaux-dailleurs-rene-lortie","status":"publish","type":"tribe_events","link":"https:\/\/www.fondationculturellebrebeuf.org\/index.php\/event\/les-oiseaux-dailleurs-rene-lortie\/","title":{"rendered":"LES OISEAUX D&rsquo;AILLEURS &#8211; Ren\u00e9 Lortie"},"content":{"rendered":"<p>\u00c0 la suite de la conf\u00e9rence amorc\u00e9e l\u2019an dernier et \u00e9court\u00e9e pour des raisons techniques, cette pr\u00e9sentation propose une exploration des oiseaux du <b>Costa Rica<\/b> et du <b>sud des \u00c9tats-Unis<\/b>, avec une attention particuli\u00e8re port\u00e9e aux <b>trogonid\u00e9s<\/b>, notamment les <b>quetzals<\/b> et les <b>trogons<\/b>.<\/p>\n<p><img loading=\"lazy\" decoding=\"async\" class=\"wp-image-2234 alignleft\" src=\"https:\/\/www.fondationculturellebrebeuf.org\/wp-content\/uploads\/2026\/01\/D4L1838-03042011-Quetzal-resplendissant-SGDD-200x300.jpeg\" alt=\"\" width=\"93\" height=\"140\" \/>L\u2019approche se veut \u00e0 la fois <b>naturaliste, culturelle et environnementale<\/b>, en situant ces esp\u00e8ces dans leurs \u00e9cosyst\u00e8mes respectifs et dans les contextes humains qui les entourent. La conf\u00e9rence accordera une place centrale aux <b>photographies<\/b> ainsi qu\u2019aux <b>sons, chants et cris<\/b>, qui jouent un r\u00f4le essentiel dans l\u2019observation et l\u2019identification des oiseaux.<\/p>\n<p><img loading=\"lazy\" decoding=\"async\" class=\"wp-image-2235 alignleft\" src=\"https:\/\/www.fondationculturellebrebeuf.org\/wp-content\/uploads\/2026\/01\/D4L3833-09042011_MotmotSourcilsBleus-200x300.jpg\" alt=\"\" width=\"91\" height=\"137\" \/>Seront \u00e9galement pr\u00e9sent\u00e9s les principaux <b>outils contemporains d\u2019identification<\/b>, des guides imprim\u00e9s traditionnels aux <b>applications num\u00e9riques int\u00e9grant l\u2019intelligence artificielle<\/b>, sans n\u00e9gliger l\u2019apport fondamental de la <b>science citoyenne<\/b>, notamment \u00e0 travers la plateforme <b>eBird Qu\u00e9bec<\/b>.<\/p>\n<p>Enfin, la pr\u00e9sentation s\u2019ouvrira sur une perspective artistique en abordant la <b>repr\u00e9sentation des oiseaux dans l\u2019art pictural<\/b>, en \u00e9voquant notamment l\u2019\u0153uvre incontournable de <b>John James Audubon<\/b>.<\/p>\n<p>Conf\u00e9rencier : <strong>Ren\u00e9 Lortie<\/strong>, photographe, <a href=\"https:\/\/rlortie.ca\/\">https:\/\/rlortie.ca<\/a><\/p>\n<p><strong>Co\u00fbt, sans abonnement : 10 $<\/strong><\/p>\n<p>&nbsp;<\/p>\n<p style=\"text-align: right;\">\n","protected":false},"excerpt":{"rendered":"<p>\u00c0 la suite de la conf\u00e9rence amorc\u00e9e l\u2019an dernier et \u00e9court\u00e9e pour des raisons techniques, cette pr\u00e9sentation propose une exploration des oiseaux du Costa Rica et du sud des \u00c9tats-Unis, [&hellip;]<\/p>\n","protected":false},"author":5,"featured_media":0,"template":"","meta":{"_et_pb_use_builder":"","_et_pb_old_content":"","_et_gb_content_width":"","_price":"","_stock":"","_tribe_ticket_header":"","_tribe_default_ticket_provider":"","_ticket_start_date":"","_ticket_end_date":"","_tribe_ticket_show_description":"","_tribe_ticket_show_not_going":false,"_tribe_ticket_use_global_stock":"","_tribe_ticket_global_stock_level":"","_global_stock_mode":"","_global_stock_cap":"","_tribe_rsvp_for_event":"","_tribe_ticket_going_count":"","_tribe_ticket_not_going_count":"","_tribe_tickets_list":"[]","_tribe_ticket_has_attendee_info_fields":false,"_tribe_events_status":"","_tribe_events_status_reason":"","footnotes":"","_tec_slr_enabled":"","_tec_slr_layout":""},"tags":[],"tribe_events_cat":[9],"class_list":["post-2230","tribe_events","type-tribe_events","status-publish","hentry","tribe_events_cat-conference","cat_conference"],"ticketed":false,"_links":{"self":[{"href":"https:\/\/www.fondationculturellebrebeuf.org\/index.php\/wp-json\/wp\/v2\/tribe_events\/2230","targetHints":{"allow":["GET"]}}],"collection":[{"href":"https:\/\/www.fondationculturellebrebeuf.org\/index.php\/wp-json\/wp\/v2\/tribe_events"}],"about":[{"href":"https:\/\/www.fondationculturellebrebeuf.org\/index.php\/wp-json\/wp\/v2\/types\/tribe_events"}],"author":[{"embeddable":true,"href":"https:\/\/www.fondationculturellebrebeuf.org\/index.php\/wp-json\/wp\/v2\/users\/5"}],"version-history":[{"count":9,"href":"https:\/\/www.fondationculturellebrebeuf.org\/index.php\/wp-json\/wp\/v2\/tribe_events\/2230\/revisions"}],"predecessor-version":[{"id":2244,"href":"https:\/\/www.fondationculturellebrebeuf.org\/index.php\/wp-json\/wp\/v2\/tribe_events\/2230\/revisions\/2244"}],"wp:attachment":[{"href":"https:\/\/www.fondationculturellebrebeuf.org\/index.php\/wp-json\/wp\/v2\/media?parent=2230"}],"wp:term":[{"taxonomy":"post_tag","embeddable":true,"href":"https:\/\/www.fondationculturellebrebeuf.org\/index.php\/wp-json\/wp\/v2\/tags?post=2230"},{"taxonomy":"tribe_events_cat","embeddable":true,"href":"https:\/\/www.fondationculturellebrebeuf.org\/index.php\/wp-json\/wp\/v2\/tribe_events_cat?post=2230"}],"curies":[{"name":"wp","href":"https:\/\/api.w.org\/{rel}","templated":true}]}}

LES OISEAUX D&rsquo;AILLEURS &#8211; René Lortie

<p>À la suite de la conférence amorcée l’an dernier et écourtée pour des raisons techniques, cette présentation propose une exploration des oiseaux du <b>Costa Rica</b> et du <b>sud des États-Unis</b>, avec une attention particulière portée aux <b>trogonidés</b>, notamment les <b>quetzals</b> et les <b>trogons</b>.</p>
<p><img loading="lazy" decoding="async" class="wp-image-2234 alignleft" src="https://www.fondationculturellebrebeuf.org/wp-content/uploads/2026/01/D4L1838-03042011-Quetzal-resplendissant-SGDD-200x300.jpeg" alt="" width="93" height="140" />L’approche se veut à la fois <b>naturaliste, culturelle et environnementale</b>, en situant ces espèces dans leurs écosystèmes respectifs et dans les contextes humains qui les entourent. La conférence accordera une place centrale aux <b>photographies</b> ainsi qu’aux <b>sons, chants et cris</b>, qui jouent un rôle essentiel dans l’observation et l’identification des oiseaux.</p>
<p><img loading="lazy" decoding="async" class="wp-image-2235 alignleft" src="https://www.fondationculturellebrebeuf.org/wp-content/uploads/2026/01/D4L3833-09042011_MotmotSourcilsBleus-200x300.jpg" alt="" width="91" height="137" />Seront également présentés les principaux <b>outils contemporains d’identification</b>, des guides imprimés traditionnels aux <b>applications numériques intégrant l’intelligence artificielle</b>, sans négliger l’apport fondamental de la <b>science citoyenne</b>, notamment à travers la plateforme <b>eBird Québec</b>.</p>
<p>Enfin, la présentation s’ouvrira sur une perspective artistique en abordant la <b>représentation des oiseaux dans l’art pictural</b>, en évoquant notamment l’œuvre incontournable de <b>John James Audubon</b>.</p>
<p>Conférencier : <strong>René Lortie</strong>, photographe, <a href="https://rlortie.ca/">https://rlortie.ca</a></p>
<p><strong>Coût, sans abonnement : 10 $</strong></p>
<p>&nbsp;</p>
<p style="text-align: right;">

<p>À la suite de la conférence amorcée l’an dernier et écourtée pour des raisons techniques, cette présentation propose une exploration des oiseaux du Costa Rica et du sud des États-Unis, [&hellip;]</p>
