{"id":2359,"date":"2026-01-10T11:20:26","date_gmt":"2026-01-10T16:20:26","guid":{"rendered":"https:\/\/www.fondationculturellebrebeuf.org\/?post_type=tribe_events&#038;p=2359"},"modified":"2026-03-27T18:22:06","modified_gmt":"2026-03-27T23:22:06","slug":"conference-publique-du-college-kev-lambert","status":"publish","type":"tribe_events","link":"https:\/\/www.fondationculturellebrebeuf.org\/index.php\/event\/conference-publique-du-college-kev-lambert\/","title":{"rendered":"Conf\u00e9rence publique du coll\u00e8ge &#8211; Kev Lambert"},"content":{"rendered":"<p style=\"font-weight: 400;\"><strong>Organis\u00e9 dans le cadre des <em>Grandes Conf\u00e9rences Br\u00e9beuf<\/em>, cet \u00e9v\u00e8nement public du coll\u00e8ge est ouvert \u00e0 toutes et tous. Il se tiendra <\/strong><strong>\u00e0 la salle Jacques-Maurice <\/strong><strong>le mercredi, <b>15 avril<\/b>, de 12 h 50 \u00e0 14 h 15.<\/strong><\/p>\n<div>\n<p>Nous aurons l&rsquo;honneur d&rsquo;accueillir l&rsquo;\u00e9crivaine <b>Kev Lambert. <\/b>Lors de\u00a0cette conf\u00e9rence, l\u2019autrice souhaite r\u00e9fl\u00e9chir aux possibles, mais surtout aux limites de la raison comme mode de pens\u00e9e, mani\u00e8re d&rsquo;interagir avec le monde et de comprendre notre exp\u00e9rience. Ce qu&rsquo;H\u00e9l\u00e8ne Cixous nomme \u00ab la raison raisonnante \u00bb est une croyance enti\u00e8re et na\u00efve dans les possibilit\u00e9s offertes par la raison, la logique, la pens\u00e9e dite rationnelle ou la facult\u00e9 nomm\u00e9e \u00ab intelligence \u00bb. La raison \u00e9lev\u00e9e au rang de doctrine. Un compresseur qui \u00e9crase tout sur son passage. Parce que ce que nous montre la litt\u00e9rature, c&rsquo;est que tout le monde a ses raisons, et qu&rsquo;on peut motiver les pires actes en leur trouvant des raisons bien raisonnables. Ce qu&rsquo;elle nous montre aussi, c&rsquo;est la multitude de \u00ab puissances-autres \u00bb qui sont des lieux et des formes de r\u00e9sistances aux aspects les plus totalitaires et les plus fascistes de la raison raisonnante.<\/p>\n<p>Kev Lambert publie son premier roman en 2017, <i>Tu aimeras ce que tu as tu\u00e9 <\/i>(H\u00e9liotrope, 2017), le portrait hallucin\u00e9 d\u2019une ville r\u00e9gionale min\u00e9e par l\u2019homophobie et les non-dits. Son deuxi\u00e8me livre qui para\u00eet l\u2019ann\u00e9e suivante, <i>Querelle de Roberval <\/i>(H\u00e9liotrope, 2018), fresque sociale et sexuelle d\u2019une gr\u00e8ve ouvri\u00e8re, lui vaut le Prix Ringuet et une reconnaissance internationale. Avec <i>Que notre joie demeure<\/i> (H\u00e9liotrope, 2022), laur\u00e9at du Prix M\u00e9dicis 2023 et du Prix D\u00e9cembre, l\u2019autrice s\u2019attaque \u00e0 l\u2019univers de l\u2019\u00e9lite urbaine et \u00e0 la violence \u00ab oblique \u00bb de la richesse. Dans <i>Les sentiers de neige <\/i>(H\u00e9liotrope, 2024) se poursuit cette exploration du territoire et de la m\u00e9moire collective. Le livre a re\u00e7u le Prix du salon du livre du Saguenay-Lac-Saint-Jean 2025, le Prix des Horizons imaginaires et est finaliste du Prix litt\u00e9raire des coll\u00e9giens 2026. <i>Cumul1<\/i> publi\u00e9 simultan\u00e9ment en France aux \u00c9ditions Grasset et au Qu\u00e9bec chez H\u00e9liotrope en mars 2026 est unanimement salu\u00e9 par la critique tout comme les deux adaptations th\u00e9\u00e2trales, <i>Querelle de Roberval<\/i> (Trident) et <i>Que notre joie demeure<\/i> (TNM).<\/p>\n<\/div>\n<p><img loading=\"lazy\" decoding=\"async\" class=\"size-medium wp-image-2539 aligncenter\" src=\"https:\/\/www.fondationculturellebrebeuf.org\/wp-content\/uploads\/2026\/03\/Affiche-conference-Kev-Lambert-ecrans-300x169.png\" alt=\"\" width=\"300\" height=\"169\" \/><\/p>\n<div>\n<p>&nbsp;<\/p>\n<\/div>\n","protected":false},"excerpt":{"rendered":"<p>Organis\u00e9 dans le cadre des Grandes Conf\u00e9rences Br\u00e9beuf, cet \u00e9v\u00e8nement public du coll\u00e8ge est ouvert \u00e0 toutes et tous. Il se tiendra \u00e0 la salle Jacques-Maurice le mercredi, 15 avril, [&hellip;]<\/p>\n","protected":false},"author":5,"featured_media":0,"template":"","meta":{"_et_pb_use_builder":"","_et_pb_old_content":"","_et_gb_content_width":"","_price":"","_stock":"","_tribe_ticket_header":"","_tribe_default_ticket_provider":"","_ticket_start_date":"","_ticket_end_date":"","_tribe_ticket_show_description":"","_tribe_ticket_show_not_going":false,"_tribe_ticket_use_global_stock":"","_tribe_ticket_global_stock_level":"","_global_stock_mode":"","_global_stock_cap":"","_tribe_rsvp_for_event":"","_tribe_ticket_going_count":"","_tribe_ticket_not_going_count":"","_tribe_tickets_list":"[]","_tribe_ticket_has_attendee_info_fields":false,"_tribe_events_status":"","_tribe_events_status_reason":"","footnotes":"","_tec_slr_enabled":"","_tec_slr_layout":""},"tags":[],"tribe_events_cat":[9],"class_list":["post-2359","tribe_events","type-tribe_events","status-publish","hentry","tribe_events_cat-conference","cat_conference"],"ticketed":false,"_links":{"self":[{"href":"https:\/\/www.fondationculturellebrebeuf.org\/index.php\/wp-json\/wp\/v2\/tribe_events\/2359","targetHints":{"allow":["GET"]}}],"collection":[{"href":"https:\/\/www.fondationculturellebrebeuf.org\/index.php\/wp-json\/wp\/v2\/tribe_events"}],"about":[{"href":"https:\/\/www.fondationculturellebrebeuf.org\/index.php\/wp-json\/wp\/v2\/types\/tribe_events"}],"author":[{"embeddable":true,"href":"https:\/\/www.fondationculturellebrebeuf.org\/index.php\/wp-json\/wp\/v2\/users\/5"}],"version-history":[{"count":6,"href":"https:\/\/www.fondationculturellebrebeuf.org\/index.php\/wp-json\/wp\/v2\/tribe_events\/2359\/revisions"}],"predecessor-version":[{"id":2541,"href":"https:\/\/www.fondationculturellebrebeuf.org\/index.php\/wp-json\/wp\/v2\/tribe_events\/2359\/revisions\/2541"}],"wp:attachment":[{"href":"https:\/\/www.fondationculturellebrebeuf.org\/index.php\/wp-json\/wp\/v2\/media?parent=2359"}],"wp:term":[{"taxonomy":"post_tag","embeddable":true,"href":"https:\/\/www.fondationculturellebrebeuf.org\/index.php\/wp-json\/wp\/v2\/tags?post=2359"},{"taxonomy":"tribe_events_cat","embeddable":true,"href":"https:\/\/www.fondationculturellebrebeuf.org\/index.php\/wp-json\/wp\/v2\/tribe_events_cat?post=2359"}],"curies":[{"name":"wp","href":"https:\/\/api.w.org\/{rel}","templated":true}]}}

Conférence publique du collège &#8211; Kev Lambert

<p style="font-weight: 400;"><strong>Organisé dans le cadre des <em>Grandes Conférences Brébeuf</em>, cet évènement public du collège est ouvert à toutes et tous. Il se tiendra </strong><strong>à la salle Jacques-Maurice </strong><strong>le mercredi, <b>15 avril</b>, de 12 h 50 à 14 h 15.</strong></p>
<div>
<p>Nous aurons l&rsquo;honneur d&rsquo;accueillir l&rsquo;écrivaine <b>Kev Lambert. </b>Lors de cette conférence, l’autrice souhaite réfléchir aux possibles, mais surtout aux limites de la raison comme mode de pensée, manière d&rsquo;interagir avec le monde et de comprendre notre expérience. Ce qu&rsquo;Hélène Cixous nomme « la raison raisonnante » est une croyance entière et naïve dans les possibilités offertes par la raison, la logique, la pensée dite rationnelle ou la faculté nommée « intelligence ». La raison élevée au rang de doctrine. Un compresseur qui écrase tout sur son passage. Parce que ce que nous montre la littérature, c&rsquo;est que tout le monde a ses raisons, et qu&rsquo;on peut motiver les pires actes en leur trouvant des raisons bien raisonnables. Ce qu&rsquo;elle nous montre aussi, c&rsquo;est la multitude de « puissances-autres » qui sont des lieux et des formes de résistances aux aspects les plus totalitaires et les plus fascistes de la raison raisonnante.</p>
<p>Kev Lambert publie son premier roman en 2017, <i>Tu aimeras ce que tu as tué </i>(Héliotrope, 2017), le portrait halluciné d’une ville régionale minée par l’homophobie et les non-dits. Son deuxième livre qui paraît l’année suivante, <i>Querelle de Roberval </i>(Héliotrope, 2018), fresque sociale et sexuelle d’une grève ouvrière, lui vaut le Prix Ringuet et une reconnaissance internationale. Avec <i>Que notre joie demeure</i> (Héliotrope, 2022), lauréat du Prix Médicis 2023 et du Prix Décembre, l’autrice s’attaque à l’univers de l’élite urbaine et à la violence « oblique » de la richesse. Dans <i>Les sentiers de neige </i>(Héliotrope, 2024) se poursuit cette exploration du territoire et de la mémoire collective. Le livre a reçu le Prix du salon du livre du Saguenay-Lac-Saint-Jean 2025, le Prix des Horizons imaginaires et est finaliste du Prix littéraire des collégiens 2026. <i>Cumul1</i> publié simultanément en France aux Éditions Grasset et au Québec chez Héliotrope en mars 2026 est unanimement salué par la critique tout comme les deux adaptations théâtrales, <i>Querelle de Roberval</i> (Trident) et <i>Que notre joie demeure</i> (TNM).</p>
</div>
<p><img loading="lazy" decoding="async" class="size-medium wp-image-2539 aligncenter" src="https://www.fondationculturellebrebeuf.org/wp-content/uploads/2026/03/Affiche-conference-Kev-Lambert-ecrans-300x169.png" alt="" width="300" height="169" /></p>
<div>
<p>&nbsp;</p>
</div>

<p>Organisé dans le cadre des Grandes Conférences Brébeuf, cet évènement public du collège est ouvert à toutes et tous. Il se tiendra à la salle Jacques-Maurice le mercredi, 15 avril, [&hellip;]</p>
